 is o(g)?
-13
Let w(i) = i**2 + 8*i + 7. Let s be 387/(-63) - 1/(-7). What is w(s)?
-5
Let u(v) be the second derivative of -v**5/20 + v**4/6 + v**3/3 - v**2/2 - 4*v. Suppose -x = -4*k + 6, -3*x + 5*k - 2 = 2. Determine u(x).
3
Suppose 3*m - 2*m - 2 = 0. Let c(v) = 2*v**2 - 3 - 3*v**m - 4*v + 11*v. Let z be c(7). Let x(g) = -2*g. What is x(z)?
6
Let c be (-1)/2 - 3/6. Let x(k) = 20*k + 14. Let f(g) = -7*g - 5. Let h(o) = -11*f(o) - 4*x(o). Determine h(c).
2
Let r(c) = 23*c**3 - 11*c + 8. Let s(l) = -8*l**3 + 4*l - 3. Let p = -4 + -7. Let o(v) = p*s(v) - 4*r(v). What is o(1)?
-3
Let p(y) = y**2 - 2*y - 19. Let i be p(6). Let q(c) = -c**2 + 4*c + 3. What is q(i)?
-2
Let u(d) = -5*d - 7. Let z(x) = -x. Let i(t) = -u(t) + 6*z(t). Determine i(6).
1
Let a(g) = g**3 + 3*g**2 - 11*g - 12. Let q(o) = -3*o**3 - 9*o**2 + 32*o + 35. Let d = 24 + -7. Let l(y) = d*a(y) + 6*q(y). Calculate l(-4).
2
Let p(i) = 3*i - 3*i - 6 + 2*i - i. What is p(4)?
-2
Let v = -6 - -6. Let j = 2 - v. Let r(o) = 2*o + 2. Determine r(j).
6
Let x = 9 + -13. Let d = -9 - x. Let y = d - 0. Let b(m) = m**3 + 6*m**2 + 4*m + 1. What is b(y)?
6
Let c(q) be the third derivative of 1/24*q**4 + 3*q**2 - 5/6*q**3 + 0 + 0*q. Let o(i) = -i**3 - 6*i**2 + 5. Let l be o(-6). What is c(l)?
0
Suppose 14 = -4*g + 2. Let v(d) = 148*d - 77*d - 1 - 72*d. Give v(g).
2
Suppose 0 = -5*i + 5*b + 65, 3*i = -i - 5*b + 34. Let l(s) = 14*s**2 + 12*s + 6. Let r(f) = -5*f**2 - 4*f - 2. Let n(g) = i*r(g) + 4*l(g). Give n(-3).
-1
Let z(s) be the second derivative of -s**3/6 - 2*s**2 + s. Let g(j) = j**2 + 9*j + 4. Let b be g(-8). Determine z(b).
0
Let m(b) = b**2 - 4*b + 3. Suppose -9 = 3*u + 5*w, -4*u - 6*w = -11*w - 23. What is m(u)?
-1
Let c(w) = 0*w**3 + 31*w**2 + 16*w**3 - 31*w**2. Calculate c(-1).
-16
Let k(w) = w**3 - 6*w**2 + 6*w - 5. Let h be k(5). Suppose -s + h = -1. Let d(z) = 5*z. Give d(s).
5
Let u = -8 + 14. Let d(h) = -h**2 + 4*h + 1. Give d(u).
-11
Let g(c) = c + 6. Suppose -20 - 28 = -3*d. Let n = d - 16. Calculate g(n).
6
Let x = -56 + 56. Let q(g) be the third derivative of x - g**2 + 0*g**3 - 1/120*g**6 + 0*g**4 + 0*g + 1/60*g**5. What is q(1)?
0
Let d(t) = t**3 - 5*t**2 + 4*t - 2. Let f = 22 - 18. Determine d(f).
-2
Let w(m) = -5*m - 1. Suppose 5*q + 4*r = 21, -q + r = -1 - 5. Suppose q*d + 4 = 3*d. Give w(d).
9
Let j be (-6)/(-4) - 1/2. Let i be 1 + j + (-24)/(-8). Let z(v) = v + 1. What is z(i)?
6
Let y(k) = k**3 - 15*k**2 + 15*k - 14. Let t be y(14). Let c(r) = -r**2 - r + 8. Give c(t).
8
Let p(r) = -r**2 + 1. Let f(j) = j**3 - 3*j**2. Let y(m) = f(m) - p(m). Determine y(3).
8
Let z(l) = -l - 14. Let s be z(-7). Let r(c) = -c**3 - 6*c**2 + 5*c - 9. Give r(s).
5
Let j(k) = -4*k**2 - 7*k + 7. Let y(p) = 5*p**2 + 8*p - 8. Let o(u) = 4*j(u) + 3*y(u). Let d = -8 + 6. Let b = d - 2. Give o(b).
4
Let z(f) = f**2 + 2*f - 1. Suppose -5*r + 3*g = -45, -g + 36 = 4*r - 6*g. Let s = r + -12. Calculate z(s).
2
Let o(z) be the second derivative of 1/30*z**5 + 1/20*z**6 - z + z**2 + 0*z**3 + 0 + 1/24*z**4. Let s(j) be the first derivative of o(j). Give s(-1).
-5
Let p(u) = 5*u**2 + 26*u - 23. Let d(b) = -3*b**2 - 17*b + 15. Let m(i) = -8*d(i) - 5*p(i). Suppose -a - 8 = 4*s, 0 = 3*a + a - 5*s - 31. Determine m(a).
3
Let z be (-4 - -1)*1 + 5. Suppose v = 2*j - 13, 23 = 2*j + z*j + v. Let m(s) = -s + 7. Give m(j).
1
Let a(v) = -v**3 - 8*v**2 - 3*v - 2. Let c be 2*(8 + -2)/(-3). Let u(r) = r**3 + 7*r**2 + 3*r + 2. Let z(k) = c*u(k) - 3*a(k). Give z(-3).
-2
Let y(c) = c**2 + 4*c - 5. Let f(p) = 5*p + 9. Let b be f(-3). Give y(b).
7
Suppose 3*h + 12 = 2*a, -h - 16 = 3*h + a. Let g be 4*-3*2/h. Let x(w) = -w**2 + 6*w - 4. Let s be x(g). Let n(p) = -3*p - 6. Calculate n(s).
6
Suppose 0 = 4*x + 3*z - 15 - 0, 3*x - 2*z = -10. Let s(k) = x*k + 0 - k - 2. Suppose -2*l = -0*l + 6. What is s(l)?
1
Let y(k) = k**2 + 7*k + 3. Let u be 40/(-18) - 8/(-36). Let p be (12/(-30))/(u/(-30)). Determine y(p).
-3
Let g = 70 + -37. Let f = g + -8. Suppose 0 = -4*i + 5*d + f, -2*i - 2*d - 10 = -4*i. Let s(v) = v**2 - v - 5. Determine s(i).
-5
Let l(g) = g**2 + g - 5. Let i(v) = v**2 + 2*v. Let r be i(-2). Suppose -3*q - 2*q = 4*w + 25, -3*w - 5*q - 25 = r. Calculate l(w).
-5
Suppose 5*x - 34 = 3*h, 0 = -x + 2*x - h - 8. Let t(u) = 11 - x + u**2 + 5*u - 7. What is t(-5)?
-1
Let p(n) = -n**2. Let i(g) = -2*g**2 - 6*g + 5. Let k(o) = i(o) - 3*p(o). Suppose 110 - 38 = -4*c. Let x = -14 - c. Determine k(x).
-3
Let n(h) = h**2 - 2*h. Let p be n(2). Suppose 2*u - 4*u + 3*o + 11 = p, 4*u = 5*o + 17. Let r(q) = -2*q**3 - 3*q**2 - 4*q - 2. Calculate r(u).
10
Let f(z) be the third derivative of -z**4/8 + 7*z**3/6 - 4*z**2. Let n be 12/30 + 23/5. Give f(n).
-8
Let d(p) = -4*p + 1. Let y(j) = -j**3 + 4*j**2 - j + 5. Let g be y(4). Suppose -s - g = -3. Suppose s*z + 3*z = -10, -3*z - 11 = 5*x. Determine d(x).
5
Let s(u) be the third derivative of -11*u**6/120 + u**4/12 - u**3/6 + 34*u**2 + u. Let a be (-2)/6 - (-4)/3. What is s(a)?
-10
Let c(b) = -2*b**2. Let q = 13 + -12. Calculate c(q).
-2
Let g(t) be the first derivative of -3*t - 5/2*t**2 - 4. Give g(-2).
7
Suppose 0 = 4*g - 0*g. Suppose g = -2*h - 3*c + 24, -6*c = 5*h - 7*c - 60. Let x be (9/h)/(2/8). Let q(r) = r**3 - 2*r**2 - 3*r - 2. What is q(x)?
-2
Let t(k) be the second derivative of k**3/2 - 3*k**2 + k. Let l = 6 - 0. Let a = 11 - l. Determine t(a).
9
Let m(s) = -4*s**3 + 5*s**3 + 0*s**3 - s + s**2. Let l(p) = -p + 2. Let u be l(2). Suppose a - 1 + 3 = u. What is m(a)?
-2
Suppose -2*d + d - t + 5 = 0, -5 = d - t. Let v(f) be the second derivative of 2*f + 1/2*f**2 - 1/20*f**5 - 1/2*f**4 - 5/6*f**3 + d. Give v(-5).
1
Let m(i) be the third derivative of i**6/120 - i**4/24 - 7*i**3/6 + 20*i**2. What is m(0)?
-7
Let k(d) = -d - d**2 - 2*d**2 + 7*d**3 + 2*d**2 + 1. Let q = 587 - 586. Give k(q).
6
Let n(h) = 3*h**2 - 6*h - 7. Let v(o) = -o**2 + 2*o + 2. Let f(j) = 3*n(j) + 8*v(j). Calculate f(5).
10
Let u be (-48)/36 + (-4)/6. Let f(n) = -n**2 - 2*n - 3. Calculate f(u).
-3
Let a(r) be the third derivative of r**5/30 - r**4/8 - r**2. Suppose -t + h + 4 = -0*t, t + 5*h + 8 = 0. Give a(t).
2
Let p(m) = m**2 - 11*m - 8. Let d be p(12). Suppose -8*f = -d*f - 16. Let u(k) = k - 5. Calculate u(f).
-1
Let n(z) = z**3 - 5*z**2 + 3*z - 2. Let y be 1 + (-8)/(4 + -2). Let v be (-6)/(-18) - (-22)/y. Let h = 9 + v. Determine n(h).
-8
Let q(j) = -j**2 - 8*j - 7. Let a be q(-7). Let g(o) = 5*o - 3 - 1 + a. Give g(3).
11
Suppose 5*y + 2*p + 50 = 0, 4*y - 17 + 60 = -p. Let x = y - -11. Let u(l) = 3*l. Calculate u(x).
-3
Let y be 4 + -7 - (-3)/(-3). Let x(q) = -q**2 - 6*q - 5. Determine x(y).
3
Let v(n) = -n**2 - 2*n - 1. Let m be v(-2). Let x be m/(((-9)/(-15))/3). Let g be (-2 + 2 + -1)*x. Let z(f) = -f**3 + 4*f**2 + 5*f - 1. Calculate z(g).
-1
Let r(q) be the second derivative of -5/6*q**3 + q - 1/2*q**2 + 1/12*q**4 + 0. Give r(5).
-1
Let l(c) = 2 + 2*c**3 - 5*c + 6*c + 3*c**3 + c**2 - 3. What is l(1)?
6
Let r be 1/1 - -2 - 0. Let y(q) = 4*q - q**2 + 1 - 2*q + 0. Give y(r).
-2
Suppose 26 = 4*p + 6. Let j(b) = -b**3 + 5*b**2 + 2*b - 7. Let r be j(p). Suppose -2*c + 37 = r*c - 4*o, -20 = -c + 5*o. Let t(q) = 2*q - 5. Give t(c).
5
Let n(b) = -b**2 + 8*b - 9. Let g be n(6). Let p(f) = f**3 - 3 + 2*f**2 - 12*f - 2*f**g + 14*f. Calculate p(3).
-6
Let o(p) = 6*p + 1. Let s(h) = h**3 - 2*h**2 - 8*h + 3. Let i be s(4). Give o(i).
19
Let f(h) be the third derivative of -h**4/24 - h**3/6 + 22*h**2. Give f(-3).
2
Let p be 4/(1 + 0/(-2)). Let t(i) = -3*i + 3*i**2 + 4*i + 5*i**2 - p*i**2. Suppose -9 = 3*w + 6, 4*q - 4*w = 24. Give t(q).
5
Let a = 26 + -29. Let u(s) = 3*s. Determine u(a).
-9
Let a(r) be the third derivative of -r**4/24 - 2*r**3/3 + 6*r**2. Calculate a(0).
-4
Let f(a) = -9*a**3 + 2*a**2 - 1. Let p(v) = v**2 + 5*v - 5. Let j be p(-6). Calculate f(j).
-8
Let g(q) be the first derivative of q - 3 - 1/2*q**2. Calculate g(1).
0
Let g(x) = 7*x + 7. Let t(z) = -8*z - 8. Let y(a) = 7*g(a) + 6*t(a). Calculate y(-3).
-2
Let q(p) be the second derivative of p**5/60 + p**4/24 - p**3/2 + p. Let d(x) be the second derivative of q(x). What is d(-3)?
-5
Let g = -5 + 3. Let b be (-1 - (g - 1))*2. Let x(j) be the third derivative of j**6/120 - j**5/20 - j**4/6 - j**3/2 + 50*j**2. Calculate x(b).
-3
Let x = -9 + 15. 